f 3992104583?
3
What is the ten thousands digit of 300298769?
9
What is the millions digit of 52285495?
2
What is the hundred thousands digit of 54743235?
7
What is the millions digit of 1412043859?
2
What is the ten thousands digit of 2180435782?
3
What is the millions digit of 589264123?
9
What is the ten millions digit of 964478392?
6
What is the ten thousands digit of 1312919071?
1
What is the units digit of 36810057?
7
What is the units digit of 41615392?
2
What is the millions digit of 81664417?
1
What is the hundreds digit of 1049592270?
2
What is the millions digit of 104229241?
4
What is the hundred millions digit of 2936819685?
9
What is the hundreds digit of 191285928?
9
What is the hundred thousands digit of 1003094385?
0
What is the thousands digit of 136407160?
7
What is the ten thousands digit of 3048033647?
3
What is the hundred thousands digit of 36798810?
7
What is the millions digit of 2170972119?
0
What is the hundreds digit of 90522891?
8
What is the units digit of 7390105?
5
What is the ten millions digit of 779431398?
7
What is the ten thousands digit of 188666458?
6
What is the hundred millions digit of 4845612488?
8
What is the hundred thousands digit of 1878092721?
0
What is the units digit of 7336687108?
8
What is the ten thousands digit of 220795137?
9
What is the tens digit of 2077638963?
6
What is the millions digit of 70994385?
0
What is the hundred thousands digit of 223174619?
1
What is the hundreds digit of 515300783?
7
What is the hundred millions digit of 1538679965?
5
What is the tens digit of 76041925?
2
What is the thousands digit of 2064030746?
0
What is the units digit of 53898699?
9
What is the tens digit of 26932563?
6
What is the tens digit of 140836075?
7
What is the ten thousands digit of 111629202?
2
What is the billions digit of 1681463001?
1
What is the hundred millions digit of 558837502?
5
What is the ten thousands digit of 38583351?
8
What is the thousands digit of 2358240?
8
What is the ten millions digit of 75059939?
7
What is the hundred thousands digit of 582135084?
1
What is the millions digit of 2161911536?
1
What is the tens digit of 158826987?
8
What is the thousands digit of 4590695009?
5
What is the millions digit of 30084089?
0
What is the tens digit of 76767436?
3
What is the hundred thousands digit of 1710946161?
9
What is the ten thousands digit of 973603628?
0
What is the ten millions digit of 1562576572?
6
What is the hundreds digit of 1529561855?
8
What is the hundreds digit of 74145047?
0
What is the hundred thousands digit of 163576784?
5
What is the hundreds digit of 380720398?
3
What is the hundreds digit of 1294263674?
6
What is the tens digit of 311873286?
8
What is the hundred thousands digit of 45063427?
0
What is the thousands digit of 7695819005?
9
What is the millions digit of 216878999?
6
What is the millions digit of 260966408?
0
What is the millions digit of 49611979?
9
What is the thousands digit of 26988110?
8
What is the thousands digit of 78445352?
5
What is the ten thousands digit of 306126066?
2
What is the hundreds digit of 53498215?
2
What is the hundreds digit of 349349?
3
What is the millions digit of 23249533?
3
What is the hundred thousands digit of 1120739060?
7
What is the hundred thousands digit of 47136487?
1
What is the ten millions digit of 1068464990?
6
What is the tens digit of 8074360?
6
What is the units digit of 2070290716?
6
What is the millions digit of 1186937251?
6
What is the hundreds digit of 154994393?
3
What is the hundred thousands digit of 721676577?
6
What is the units digit of 1719407441?
1
What is the hundred millions digit of 157455817?
1
What is the hundreds digit of 15633561?
5
What is the hundred millions digit of 380433373?
3
What is the thousands digit of 333954360?
4
What is the hundreds digit of 586884125?
1
What is the hundred millions digit of 137468731?
1
What is the millions digit of 45678756?
5
What is the millions digit of 93940997?
3
What is the tens digit of 1024057791?
9
What is the thousands digit of 299055616?
5
What is the hundreds digit of 639317316?
3
What is the millions digit of 1322989508?
2
What is the millions digit of 2826152765?
6
What is the units digit of 121461010?
0
What is the ten thousands digit of 221452579?
5
What is the millions digit of 72775925?
2
What is the ten millions digit of 904553101?
0
What is the units digit of 58374105?
5
What is the ten thousands digit of 36257791?
5
What is the ten thousands digit of 8481033467?
3
What is the hundreds digit of 448660438?
4
What is the hundred thousands digit of 1940322896?
3
What is the units digit of 1886003469?
9
What is the ten thousands digit of 24474741?
7
What is the ten thousands digit of 22807804?
0
What is the hundred millions digit of 179258954?
1
What is the billions digit of 3053554018?
3
What is the ten millions digit of 91122200?
9
What is the ten thousands digit of 833639738?
3
What is the ten millions digit of 203754337?
0
What is the ten millions digit of 488537883?
8
What is the hundred thousands digit of 2337401960?
4
What is the millions digit of 2759571877?
9
What is the ten millions digit of 48344272?
4
What is the tens digit of 73027023?
2
What is the hundreds digit of 1026088304?
3
What is the units digit of 456921744?
4
What is the units digit of 26616129?
9
What is the ten thousands digit of 768076556?
7
What is the hundreds digit of 2026621570?
5
What is the billions digit of 9430888384?
9
What is the ten thousands digit of 177882903?
8
What is the hundreds digit of 54512658?
6
What is the millions digit of 1839570?
1
What is the hundreds digit of 1168976406?
4
What is the units digit of 86897765?
5
What is the tens digit of 112591019?
1
What is the ten thousands digit of 217483734?
8
What is the tens digit of 492942253?
5
What is the hundred thousands digit of 124709121?
7
What is the thousands digit of 4688956?
8
What is the hundred thousands digit of 30725457?
7
What is the units digit of 73843928?
8
What is the ten millions digit of 249292610?
4
What is the tens digit of 90855080?
8
What is the tens digit of 105241249?
4
What is the hundreds digit of 66616293?
2
What is the hundred millions digit of 286171750?
2
What is the hundred thousands digit of 3052689745?
6
What is the ten thousands digit of 6254127681?
2
What is the tens digit of 921918916?
1
What is the ten thousands digit of 1072435741?
3
What is the hundred thousands digit of 21212680?
2
What is the hundred millions digit of 145580181?
1
What is the ten thousands digit of 493308886?
0
What is the hundred millions digit of 606134040?
6
What is the millions digit of 54416042?
4
What is the hundred millions digit of 606180367?
6
What is the units digit of 97425145?
5
What is the hundred thousands digit of 35666901?
6
What is the hundred thousands digit of 79175228?
1
What is the units digit of 106290056?
6
What is the ten thousands digit of 361388603?
8
What is the hundreds digit of 380333722?
7
What is the units digit of 50582785?
5
What is the ten millions digit of 719092478?
1
What is the hundreds digit of 61462251?
2
What is the hundreds digit of 4001941541?
5
What is the hundred millions digit of 2391776375?
3
What is the tens digit of 91512102?
0
What is the tens digit of 30946110?
1
What is the ten thousands digit of 44658532?
5
What is the hundreds digit of 574481355?
3
What is the hundred millions digit of 713179289?
7
What is the hundreds digit of 58840096?
0
What is the units digit of 9669840?
0
What is the hundreds digit of 61159251?
2
What is the thousands digit of 461502?
1
What is the tens digit of 1403308233?
3
What is the ten thousands digit of 4115972?
1
What is the ten millions digit of 259514657?
5
What is the units digit of 21458639?
9
What is the millions digit of 467695783?
7
What is the millions digit of 68524127?
8
What is the hundred millions digit of 1845120295?
8
What is the millions digit of 240454653?
0
What is the thousands digit of 2626057300?
7
What is the ten millions digit of 217162747?
1
What is the hundred thousands digit of 220702561?
7
What is the hundreds digit of 399593793?
7
What is the tens digit of 114575061?
6
What is the hundred millions digit of 140539858?
1
What is the tens digit of 5868895716?
1
What 